{"id":469,"date":"2023-07-19T12:57:30","date_gmt":"2023-07-19T12:57:30","guid":{"rendered":"https:\/\/feiradaserra.cm-sbras.pt\/fs\/?page_id=469"},"modified":"2024-07-28T15:17:59","modified_gmt":"2024-07-28T15:17:59","slug":"programacao-geral","status":"publish","type":"page","link":"https:\/\/feiradaserra.cm-sbras.pt\/fs\/?page_id=469","title":{"rendered":"Programa\u00e7\u00e3o geral"},"content":{"rendered":"\n\n\n\n<p style=\"color: rgb(0, 0, 0);\">Programa\u00e7\u00e3o geral<\/p>\n\n<p>Conhe\u00e7a toda a programa\u00e7\u00e3o da feira.<\/p>\n\n\n<p style=\"text-align: center;\">Arraste a tabela(imagem) para ver a programa\u00e7\u00e3o de outro palco.<\/p>\n\n\n\n<p>Conhe\u00e7a todo o Programa Completo da Feira da Serra 2024, descarregiue o <a href=\"https:\/\/feiradaserra.cm-sbras.pt\/fs\/wp-content\/uploads\/2024\/07\/roteiro_mapa_2024_web.pdf\" target=\"_blank\" rel=\"noopener\">Roteiro da Feira da Serra<\/a>.<\/p>\n\n\n\n\n\n\n","protected":false},"excerpt":{"rendered":"","protected":false},"author":1,"featured_media":0,"parent":0,"menu_order":0,"comment_status":"closed","ping_status":"closed","template":"","meta":{"pagelayer_contact_templates":[],"_pagelayer_content":"","footnotes":""},"class_list":["post-469","page","type-page","status-publish","hentry"],"_links":{"self":[{"href":"https:\/\/feiradaserra.cm-sbras.pt\/fs\/index.php?rest_route=\/wp\/v2\/pages\/469","targetHints":{"allow":["GET"]}}],"collection":[{"href":"https:\/\/feiradaserra.cm-sbras.pt\/fs\/index.php?rest_route=\/wp\/v2\/pages"}],"about":[{"href":"https:\/\/feiradaserra.cm-sbras.pt\/fs\/index.php?rest_route=\/wp\/v2\/types\/page"}],"author":[{"embeddable":true,"href":"https:\/\/feiradaserra.cm-sbras.pt\/fs\/index.php?rest_route=\/wp\/v2\/users\/1"}],"replies":[{"embeddable":true,"href":"https:\/\/feiradaserra.cm-sbras.pt\/fs\/index.php?rest_route=%2Fwp%2Fv2%2Fcomments&post=469"}],"version-history":[{"count":19,"href":"https:\/\/feiradaserra.cm-sbras.pt\/fs\/index.php?rest_route=\/wp\/v2\/pages\/469\/revisions"}],"predecessor-version":[{"id":820,"href":"https:\/\/feiradaserra.cm-sbras.pt\/fs\/index.php?rest_route=\/wp\/v2\/pages\/469\/revisions\/820"}],"wp:attachment":[{"href":"https:\/\/feiradaserra.cm-sbras.pt\/fs\/index.php?rest_route=%2Fwp%2Fv2%2Fmedia&parent=469"}],"curies":[{"name":"wp","href":"https:\/\/api.w.org\/{rel}","templated":true}]}}

Programação geral

<p style="color: rgb(0, 0, 0);">Programação geral</p>

<p>Conheça toda a programação da feira.</p>


<p style="text-align: center;">Arraste a tabela(imagem) para ver a programação de outro palco.</p>



<p>Conheça todo o Programa Completo da Feira da Serra 2024, descarregiue o <a href="https://feiradaserra.cm-sbras.pt/fs/wp-content/uploads/2024/07/roteiro_mapa_2024_web.pdf" target="_blank" rel="noopener">Roteiro da Feira da Serra</a>.</p>
