{"id":22,"date":"2023-03-06T11:51:09","date_gmt":"2023-03-06T11:51:09","guid":{"rendered":"https:\/\/feiradaserra.cm-sbras.pt\/fs\/?page_id=22"},"modified":"2024-07-22T23:22:41","modified_gmt":"2024-07-22T23:22:41","slug":"about","status":"publish","type":"page","link":"https:\/\/feiradaserra.cm-sbras.pt\/fs\/?page_id=22","title":{"rendered":"A Feira"},"content":{"rendered":"\n\n\n\n\n\n\n<h3>A Feira da Serra<\/h3>\n\n\n\n<p>A Feira da Serra \u2013 Ver\u00e3o de S\u00e3o Br\u00e1s de Alportel, \u00e9 um evento \nsociocultural que nasceu em 1991 por iniciativa de uma Associa\u00e7\u00e3o de \nDesenvolvimento Local (Associa\u00e7\u00e3o IN LOCO) com a perspetiva de \nvaloriza\u00e7\u00e3o dos produtores e produtos da Serra do Caldeir\u00e3o, tendo o \nMunic\u00edpio de S\u00e3o Br\u00e1s de Alportel apostado, desde o in\u00edcio, na sua \nrealiza\u00e7\u00e3o.<\/p><p>\n<\/p><p>Este evento tornou-se uma refer\u00eancia no roteiro tur\u00edstico e cultural \ndo Ver\u00e3o no Algarve, de visita obrigat\u00f3ria, um verdadeiro festival de \nsons, cores, saberes e sabores genu\u00ednos da serra e do interior e mostra \ndas suas tradi\u00e7\u00f5es.<\/p>\n\n\n\n\n\n\n<h2>Artesanato, Gastronomia e Anima\u00e7\u00e3o<\/h2>\n\n\n\n<p class=\"mb-0\"><strong>Todos os anos, no \u00faltimo fim-de-semana de julho,\n S\u00e3o Br\u00e1s de Alportel torna-se palco do maior certame do g\u00e9nero na \nregi\u00e3o, uma refer\u00eancia incontorn\u00e1vel do cartaz tur\u00edstico algarvio e um \nverdadeiro paradigma na defesa dos valores do Algarve genu\u00edno.<span class=\"d-block\"><\/span><span class=\"d-block\"><\/span><\/strong><\/p><p class=\"mb-0\"><strong>Mais do que um festival de M\u00fasica como tantos \noutros, uma Feira de Artesanato ou Gastronomia, um certame equestre ou \num espa\u00e7o de anima\u00e7\u00e3o infantil, a Feira da Serra \u00e9 tudo isso e muito \nmais, com 18 espa\u00e7os tem\u00e1ticos onde n\u00e3o falta anima\u00e7\u00e3o para toda a \nfam\u00edlia, num recinto que prima pelo conforto, seguran\u00e7a e acessibilidade\n para todos.<span class=\"d-block\"><\/span><span class=\"d-block\"><\/span><\/strong><\/p><p><strong>A Feira da Serra abre as portas ao Algarve genu\u00edno e convida a\n uma viagem no tempo, \u00e0 descoberta das tradi\u00e7\u00f5es das gentes da serra, \nque aqui e ali se misturam com as mais recentes propostas de inova\u00e7\u00e3o, \nna constru\u00e7\u00e3o da ponte entre o passado e o futuro!<\/strong><\/p><p>&nbsp;<\/p><p>\n<\/p><p class=\"mb-0\">O sucesso alcan\u00e7ado nas \u00faltimas edi\u00e7\u00f5es motivou o alargamento do festival para quatro dias.<span class=\"d-block\"><\/span>Em cada edi\u00e7\u00e3o, um tema desafia a criatividade de artes\u00e3os, produtores e chefs de cozinha!<span class=\"d-block\"><\/span>Ao\n longo de quatro dias, a Feira da Serra \u00e9 um passaporte para toda a \nfam\u00edlia, para uma experi\u00eancia inolvid\u00e1vel, que se vive a cinco sentidos!<\/p>\n\n\n\n\n\n\n\n\n\n\n\n\n\n\n\n\n\n\n\n\n<h5>Objectivos<\/h5>\n\n\n\nValorizar, proteger e promover as tradi\u00e7\u00f5es e costumes da Serra do Caldeir\u00e3o e do Algarve\n\n\nPromover e preservar os saberes ancestrais associados ao artesanato local e \u00e0 confec\u00e7\u00e3o de produtos agro-alimentares, enquanto impulsionadores da actividade econ\u00f3mica da serra e do barrocal\n\n\nProporcionar o contacto direto com a fauna e a flora, no sentido de sensibilizar para a biodiversidade local e respectiva import\u00e2ncia\n\n\nDivulgar apostas inovadoras de empreendedorismo local e regional\n\n\nPromover a Gastronomia Tradicional assente nos valores da Dieta Mediterr\u00e2nica\n\n\nValorizar o Com\u00e9rcio Local\n\n\nApresentar a oferta tur\u00edstica do territ\u00f3rio s\u00e3o-brasense nas mais diversas \u00e1reas\n\n\nOferecer aos visitantes um espa\u00e7o multifacetado e acess\u00edvel, composto por um programa diverso de actividades e momentos de anima\u00e7\u00e3o para todas as faixas et\u00e1rias\n\n\n\n\n","protected":false},"excerpt":{"rendered":"","protected":false},"author":1,"featured_media":0,"parent":0,"menu_order":0,"comment_status":"closed","ping_status":"closed","template":"","meta":{"pagelayer_contact_templates":[],"_pagelayer_content":"","footnotes":""},"class_list":["post-22","page","type-page","status-publish","hentry"],"_links":{"self":[{"href":"https:\/\/feiradaserra.cm-sbras.pt\/fs\/index.php?rest_route=\/wp\/v2\/pages\/22","targetHints":{"allow":["GET"]}}],"collection":[{"href":"https:\/\/feiradaserra.cm-sbras.pt\/fs\/index.php?rest_route=\/wp\/v2\/pages"}],"about":[{"href":"https:\/\/feiradaserra.cm-sbras.pt\/fs\/index.php?rest_route=\/wp\/v2\/types\/page"}],"author":[{"embeddable":true,"href":"https:\/\/feiradaserra.cm-sbras.pt\/fs\/index.php?rest_route=\/wp\/v2\/users\/1"}],"replies":[{"embeddable":true,"href":"https:\/\/feiradaserra.cm-sbras.pt\/fs\/index.php?rest_route=%2Fwp%2Fv2%2Fcomments&post=22"}],"version-history":[{"count":10,"href":"https:\/\/feiradaserra.cm-sbras.pt\/fs\/index.php?rest_route=\/wp\/v2\/pages\/22\/revisions"}],"predecessor-version":[{"id":759,"href":"https:\/\/feiradaserra.cm-sbras.pt\/fs\/index.php?rest_route=\/wp\/v2\/pages\/22\/revisions\/759"}],"wp:attachment":[{"href":"https:\/\/feiradaserra.cm-sbras.pt\/fs\/index.php?rest_route=%2Fwp%2Fv2%2Fmedia&parent=22"}],"curies":[{"name":"wp","href":"https:\/\/api.w.org\/{rel}","templated":true}]}}

<h3>A Feira da Serra</h3>



<p>A Feira da Serra – Verão de São Brás de Alportel, é um evento 
sociocultural que nasceu em 1991 por iniciativa de uma Associação de 
Desenvolvimento Local (Associação IN LOCO) com a perspetiva de 
valorização dos produtores e produtos da Serra do Caldeirão, tendo o 
Município de São Brás de Alportel apostado, desde o início, na sua 
realização.</p><p>
</p><p>Este evento tornou-se uma referência no roteiro turístico e cultural 
do Verão no Algarve, de visita obrigatória, um verdadeiro festival de 
sons, cores, saberes e sabores genuínos da serra e do interior e mostra 
das suas tradições.</p>






<h2>Artesanato, Gastronomia e Animação</h2>



<p class="mb-0"><strong>Todos os anos, no último fim-de-semana de julho,
 São Brás de Alportel torna-se palco do maior certame do género na 
região, uma referência incontornável do cartaz turístico algarvio e um 
verdadeiro paradigma na defesa dos valores do Algarve genuíno.<span class="d-block"></span><span class="d-block"></span></strong></p><p class="mb-0"><strong>Mais do que um festival de Música como tantos 
outros, uma Feira de Artesanato ou Gastronomia, um certame equestre ou 
um espaço de animação infantil, a Feira da Serra é tudo isso e muito 
mais, com 18 espaços temáticos onde não falta animação para toda a 
família, num recinto que prima pelo conforto, segurança e acessibilidade
 para todos.<span class="d-block"></span><span class="d-block"></span></strong></p><p><strong>A Feira da Serra abre as portas ao Algarve genuíno e convida a
 uma viagem no tempo, à descoberta das tradições das gentes da serra, 
que aqui e ali se misturam com as mais recentes propostas de inovação, 
na construção da ponte entre o passado e o futuro!</strong></p><p>&nbsp;</p><p>
</p><p class="mb-0">O sucesso alcançado nas últimas edições motivou o alargamento do festival para quatro dias.<span class="d-block"></span>Em cada edição, um tema desafia a criatividade de artesãos, produtores e chefs de cozinha!<span class="d-block"></span>Ao
 longo de quatro dias, a Feira da Serra é um passaporte para toda a 
família, para uma experiência inolvidável, que se vive a cinco sentidos!</p>




















<h5>Objectivos</h5>



Valorizar, proteger e promover as tradições e costumes da Serra do Caldeirão e do Algarve


Promover e preservar os saberes ancestrais associados ao artesanato local e à confecção de produtos agro-alimentares, enquanto impulsionadores da actividade económica da serra e do barrocal


Proporcionar o contacto direto com a fauna e a flora, no sentido de sensibilizar para a biodiversidade local e respectiva importância


Divulgar apostas inovadoras de empreendedorismo local e regional


Promover a Gastronomia Tradicional assente nos valores da Dieta Mediterrânica


Valorizar o Comércio Local


Apresentar a oferta turística do território são-brasense nas mais diversas áreas


Oferecer aos visitantes um espaço multifacetado e acessível, composto por um programa diverso de actividades e momentos de animação para todas as faixas etárias
